 i be t(-6). Suppose -b - 3*x - 4 = -0*x, 0 = 4*b + i*x - 24. What is the units digit of b?
8
Let x be (-128)/(-24)*(-18)/(-4). Suppose -h = -5*h + x. What is the units digit of (4 - 0) + 12/h?
6
What is the hundreds digit of -698*(1 - -1)/(-2)?
6
Let v = -7324 - -11027. What is the tens digit of v?
0
Let d = 16 + -14. Let q be (0/d)/(8/8). Suppose k - 2*l - l - 32 = q, 15 = 5*l. What is the tens digit of k?
4
Let o = -22 - -54. Suppose 3*x = 4*g + o, -2*x + 7*x - 3*g - 35 = 0. Suppose 3*f - 76 = -2*f - 3*n, 0 = f + x*n - 5. What is the units digit of f?
7
Suppose 3*r + m = 18 + 1, 0 = 5*r + 3*m - 37. Let q(y) = -r*y - 2 + 0*y - 3*y. What is the tens digit of q(-3)?
2
Let g(l) = 55 - 9*l**2 - 7*l**2 + 15*l**2 + l**3 - 2*l. Suppose 3*n = -4*q - 0 - 8, 2*n - 4*q - 8 = 0. What is the units digit of g(n)?
5
Suppose -9*b + 2890 = -5*b + 3*a, 4*b - a = 2898. Suppose 0 = 5*d + 2*j - 888, 4*d - 4*j = -9*j + b. What is the tens digit of d?
7
Let w = 3718 + -2010. What is the thousands digit of w?
1
What is the tens digit of 1/(-2) + (-15)/(-6) - -1505?
0
Let g = 53 + -27. Let a = g + -45. Let i = 49 + a. What is the tens digit of i?
3
Let q(c) = 2*c**2 + 11*c - 45. Let o = -149 + 154. What is the units digit of q(o)?
0
Suppose -4*r + 13 = 4*l - 3, -2*l + 12 = -2*r. Suppose 5*s = -5*p + 315, l*s - 2*p = 281 + 69. What is the tens digit of s?
6
Suppose k = 12*k - 3476. Suppose -15*b = -17*b + k. What is the hundreds digit of b?
1
Suppose -4*n - 16*p + 3797 = -21*p, 2*n + 5*p = 1921. What is the units digit of n?
3
Let i = 4992 - 2611. What is the units digit of i?
1
Let g = -28 + 29. What is the hundreds digit of 128 - g/((-3)/15)?
1
Suppose 1454 = 3*o + 4*y, 0*y = -3*o - 2*y + 1444. What is the tens digit of o?
7
Let z = -23 - -27. Suppose z*f - 32 = -3*h, 0*h + h + 5*f = -4. Suppose 5*n = 134 + h. What is the tens digit of n?
3
Let u = -16 + 9. Let j(s) = 2*s**2 + 6*s - 16. Let p be j(u). Suppose 2*c + 3*n - 22 = 14, 0 = -2*c - 5*n + p. What is the tens digit of c?
1
Let o = -25 + 22. Let f be (-2)/(o + (-142)/(-48)). Suppose -4*x = -f - 28. What is the tens digit of x?
1
Suppose 28 = 4*c + 4*x, 3*x - 18 = -2*c - 2. Suppose -c*s = -0*s - 30. What is the tens digit of (-6 - -9)*(s + 1)?
2
Let l be (-4 - -3)/(3/(-60)). Suppose -5*y + l = -4*y. What is the tens digit of y?
2
Let t = 45 + -21. Let x = -19 + t. What is the tens digit of (x + -4)/((-2)/(-86))?
4
Let o = 2654 - 1298. What is the tens digit of o?
5
Let f = -87 + 503. Suppose 382 = 6*n - f. What is the tens digit of n?
3
Suppose 0 = -2*b - z + 3720, -22*b - 4*z + 9297 = -17*b. What is the tens digit of b?
6
Let p(v) = -9*v**2 + v. Let b be p(1). Let l = -17 - b. What is the units digit of 2/l - 29/(-9)?
3
Let j be (0 + 2)/((-2)/16). Let v be (3 - (-30)/(-8))*j. What is the units digit of (69/v)/1*4?
3
Suppose -2080 = -6*j - 14*j. What is the units digit of j?
4
Let u(o) = o**3 + 8*o**2 + 4*o - 12. What is the tens digit of u(-4)?
3
Suppose -g - f = 4*f - 533, 0 = g - 5*f - 563. What is the hundreds digit of g?
5
What is the hundreds digit of 2 + 772 - (-17 + 25)?
7
Let y(c) = -4*c**3 - 29*c**2 + 13*c + 4. What is the hundreds digit of y(-12)?
5
Suppose 14*j = 11*j + 12. Suppose -5*r + 462 = 3*g - 0*g, j = -4*g. What is the tens digit of r?
9
Let t = -1227 - -1906. What is the tens digit of t?
7
Let l be -2 + (-13)/((-26)/12). Suppose -l*x = -0*y + 3*y + 2, 5*x = -3*y - 7. What is the units digit of y?
6
Let s = 11396 - 5041. What is the thousands digit of s?
6
Let d = 463 + -253. Let o = -5 + 11. Suppose -r - d = -o*r. What is the tens digit of r?
4
Suppose 15 = m + 17. What is the units digit of m - -47 - -1*(-1 - -2)?
6
Suppose 15 = -r + 17. Suppose 4*c + 75 = 3*z - 52, 80 = r*z - 5*c. What is the tens digit of z?
4
Let z(c) = 18*c - 26. Suppose -2*q + 38 = 12. Let f be z(q). Suppose f = -8*g + 12*g. What is the units digit of g?
2
Let w(j) = -5*j - 3. Let n be w(-6). Let f be (-21)/3*n/(-3). What is the units digit of (-4)/18 + 1274/f?
0
Let q be 5 + -5 + 1 + -1. Let f(m) = -4*m. Let v be f(-1). Suppose -v*i = -4*n + 108, q = -3*i + 2*i + 1. What is the tens digit of n?
2
Let b = 6029 - 3783. What is the hundreds digit of b?
2
Suppose -3*f - 3*y + 52 = -7*f, 5*f - 3*y + 68 = 0. Let h be (-924)/(-16) - 4/f. Let c = -37 + h. What is the units digit of c?
1
Let i(a) = -4 + 0 - 6*a + 0 - 1. Let x be i(-9). Suppose -4*q = -23 - x. What is the units digit of q?
8
Let k be 12/66 + 84/22. Suppose 0 = 2*m - k*o - 128, o = -m + 6*o + 61. What is the tens digit of m?
6
Let g = 43 - 41. Suppose -g*c = -3*c + 8. What is the units digit of c?
8
Let u = 170 - 98. Let q = u - 41. What is the tens digit of q?
3
Let b = -371 - -1799. What is the tens digit of b?
2
Let d(j) be the third derivative of j**5/60 + j**4/24 + 11*j**3/3 - 6*j**2. Let u be d(0). Suppose -u - 155 = -3*z. What is the units digit of z?
9
Suppose 5*w = -3*h + 1320, -3*w - h + 808 = 4*h. Suppose -8*l - w = -989. What is the units digit of l?
1
Let g = -160 + 212. What is the tens digit of g?
5
Let r(b) = -b**2 - 2*b - 6. Let c(z) = z + 3. Let x(l) = -7*c(l) - 3*r(l). Let y be x(5). Suppose -4*w = -y - 57. What is the tens digit of w?
3
Suppose 5*q = -y - 4*y + 50, -4*q + 53 = 5*y. Suppose 0 = -2*k + 29 + y. Suppose -k*p + 25*p - 140 = 0. What is the units digit of p?
5
What is the hundreds digit of (-7182)/(-8) - (741/52)/19?
8
Suppose -7*u - 150 = -10*u. Suppose 0 = 2*w + 3*g - 97, 2*g = -w - 0*g + u. What is the tens digit of w?
4
Suppose 2*s + 5 = -2*j + 1, -5*s - 3*j = 2. Suppose -s*b + 0*b + 132 = 0. What is the units digit of b?
6
Suppose -2*w = -19 + 5. What is the units digit of 93*(3 - w - -5)?
3
Let s(m) = 5*m + 3. Let c be s(-1). Let f(k) = 2*k**2 - 2*k + 1. What is the tens digit of f(c)?
1
Let h(l) = -2955*l + 1 + 15 + 2956*l. What is the units digit of h(-3)?
3
Let i be ((-14)/(-5))/(16/40). Let f = 11 - i. What is the units digit of (f/(-5))/(1/(-15))?
2
Suppose 0 = 3*t - 2 - 1. Suppose -2*d + t + 5 = -j, 5*j + 15 = 5*d. Suppose -2*a = -6, 0 = 3*s - d*a + 4*a - 30. What is the units digit of s?
9
What is the tens digit of ((-10284)/(-14))/((-54)/(-252))?
2
Let t be 24/40 - 2/(-5) - -2. Let z(y) = 7*y**2 - 29*y + 15. Let v(p) = 3*p**2 - 14*p + 7. Let j(n) = -5*v(n) + 2*z(n). What is the units digit of j(t)?
2
Suppose -14 = -2*r - 5*t, -5*r = -2*t - 50 + 15. Suppose -5*h = 5, 0 = 3*q - 5*h - r + 5. What is the units digit of 55*(q - (-36)/20)?
4
Suppose -5*d + 0*s + 3474 = 2*s, 4*s = 3*d - 2100. What is the tens digit of d?
9
Suppose 5*r = 9*r. Suppose 8*d - 311 - 137 = r. What is the units digit of d?
6
Let v = 6 + -3. Suppose 0 = -d + v - 0. What is the units digit of 3*((-10)/6 + d)?
4
Let y(a) = -9*a. Let u be y(-1). Let o = 5 + u. What is the units digit of (-2)/o + (-352)/(-14)?
5
Let h(q) be the first derivative of -q**4/4 - 11*q**3/3 - 11*q**2/2 + 15*q + 20. What is the tens digit of h(-11)?
3
Suppose 0 = -4*k - 4*y + 332, 4*k - 249 = k + 4*y. What is the tens digit of k?
8
Suppose 0 = -2*b + 2*a + 10, -15 = 5*b + 2*a + a. Suppose 6 = -n + 5*j, b = -n + 2*j - 3*j + 6. Suppose -n*u + 23 = -1. What is the units digit of u?
6
Let q(m) = 3*m + 13. Let p(a) = 11*a + 51. Let c(u) = -4*p(u) + 18*q(u). What is the tens digit of c(7)?
0
Let o(k) be the first derivative of k**2/2 + 4*k - 1. Let m be o(8). What is the units digit of 4/24 - (-106)/m?
9
Suppose 1224 = -4*s - 4*l, 0*s - 5*l = 3*s + 924. Let p be s/(-33) - 4/22. Suppose 8*m = 9*m - p. What is the units digit of m?
9
Let d(z) be the third derivative of -z**7/5040 + z**6/180 - z**5/20 - 4*z**2. Let i(q) be the third derivative of d(q). What is the units digit of i(3)?
1
Suppose 0 = 24*i - 1578 - 1878. What is the units digit of i?
4
Let y(r) = -r**2 + 6*r - 6. Let p be y(5). Let q be ((-28)/(-7))/(3 + p). Suppose -5 - 11 = -q*d. What is the units digit of d?
8
Suppose 14*h = -3*y + 11*h + 3057, 0 = y - h - 1021. What is the thousands digit of y?
1
Let l = 420 + -274. Suppose 3*i = 2*i - 4, 0 = -5*q - i + l. What is the units digit of q?
0
Let t = 368 - 264. What is the hundreds digit of t?
1
Suppose 1204 = 4*g - 4*j, -g - 2*g + 915 = j. Let q = g + -144. What is the hundreds digit of q?
1
Suppose 4*q + 0*g - 514 = 2*g, 646 = 5*q + g. Suppose 0 = 2*d + 29 - q. What